{"id":21,"date":"2014-04-15T14:23:13","date_gmt":"2014-04-15T14:23:13","guid":{"rendered":"https:\/\/www.jardinluna.com\/luninotas\/?page_id=21"},"modified":"2015-10-30T13:43:28","modified_gmt":"2015-10-30T13:43:28","slug":"colegio-monteluna-2","status":"publish","type":"page","link":"https:\/\/www.jardinluna.com\/luninotas\/colegio-monteluna-2\/","title":{"rendered":"Colegio MonteLuna"},"content":{"rendered":"<div id=\"attachment_166\" style=\"width: 635px\" class=\"wp-caption aligncenter\"><a href=\"https:\/\/www.jardinluna.com\/luninotas\/wp-content\/uploads\/2014\/04\/Colegio-MonteLuna.jpg\"><img loading=\"lazy\" decoding=\"async\" aria-describedby=\"caption-attachment-166\" class=\"wp-image-166 size-large\" src=\"https:\/\/www.jardinluna.com\/luninotas\/wp-content\/uploads\/2014\/04\/Colegio-MonteLuna-1024x768.jpg\" alt=\"Paso a paso vamos construyendo el futuro.\" width=\"625\" height=\"469\" srcset=\"https:\/\/www.jardinluna.com\/luninotas\/wp-content\/uploads\/2014\/04\/Colegio-MonteLuna-1024x768.jpg 1024w, https:\/\/www.jardinluna.com\/luninotas\/wp-content\/uploads\/2014\/04\/Colegio-MonteLuna-300x225.jpg 300w, https:\/\/www.jardinluna.com\/luninotas\/wp-content\/uploads\/2014\/04\/Colegio-MonteLuna-624x468.jpg 624w, https:\/\/www.jardinluna.com\/luninotas\/wp-content\/uploads\/2014\/04\/Colegio-MonteLuna.jpg 1280w\" sizes=\"auto, (max-width: 625px) 100vw, 625px\" \/><\/a><p id=\"caption-attachment-166\" class=\"wp-caption-text\">Paso apes vamos construyendo el futuro.<\/p><\/div>\n<div id=\"attachment_153\" style=\"width: 1034px\" class=\"wp-caption aligncenter\"><a href=\"https:\/\/www.jardinluna.com\/luninotas\/wp-content\/uploads\/2014\/04\/IMG_5037.jpg\"><img loading=\"lazy\" decoding=\"async\" aria-describedby=\"caption-attachment-153\" class=\"size-full wp-image-153\" src=\"https:\/\/www.jardinluna.com\/luninotas\/wp-content\/uploads\/2014\/04\/IMG_5037.jpg\" alt=\"Colegio MonteLuna\" width=\"1024\" height=\"578\" srcset=\"https:\/\/www.jardinluna.com\/luninotas\/wp-content\/uploads\/2014\/04\/IMG_5037.jpg 1024w, https:\/\/www.jardinluna.com\/luninotas\/wp-content\/uploads\/2014\/04\/IMG_5037-300x169.jpg 300w, https:\/\/www.jardinluna.com\/luninotas\/wp-content\/uploads\/2014\/04\/IMG_5037-624x352.jpg 624w\" sizes=\"auto, (max-width: 1024px) 100vw, 1024px\" \/><\/a><p id=\"caption-attachment-153\" class=\"wp-caption-text\">Colegio MonteLuna<\/p><\/div>\n<p style=\"text-align: left;\" align=\"center\"><b>Nuestros pilares fundamentales<\/b><\/p>\n<ul>\n<li>APRENDER APRENDER<\/li>\n<li>APRENDER A SER<\/li>\n<li>APRENDER HACER<\/li>\n<li>APRENDER A CONVIVIR<\/li>\n<\/ul>\n<p><b>\u00a0Ejes de nuestra\u00a0 pedagog\u00eda<\/b><\/p>\n<ul>\n<li>Excelencia acad\u00e9mica<\/li>\n<li>Formaci\u00f3n en valores<\/li>\n<li>Innovaci\u00f3n investigaci\u00f3n pedag\u00f3gica<\/li>\n<li>Formaci\u00f3n de docentes<\/li>\n<li>Formaci\u00f3n en liderazgo<\/li>\n<li>\u00c9nfasis en matem\u00e1ticas (matem\u00e1ticas vivenciales)<\/li>\n<li>Ingles intensivo<\/li>\n<li>Emprendimiento y empresarismo (proyectos productivos)<\/li>\n<li>Amplias \u00e1reas acad\u00e9micas y deportivas<\/li>\n<li>Talleres para el desarrollo del pensamiento creativo<\/li>\n<li>\u00c9nfasis en lengua materna (alta comprensi\u00f3n lectora)<\/li>\n<\/ul>\n<p><b>Orientaci\u00f3n pedag\u00f3gica<\/b><\/p>\n<ul>\n<li>El constructivismo (Jean piaget, Vygostki, Albert Bandura)<\/li>\n<li>Pedagog\u00eda activa (Jhon Dewey, Mar\u00eda Montessori)<\/li>\n<li>Pedagog\u00eda social (Vygostki,Albert Bandura)<\/li>\n<\/ul>\n<p>&nbsp;<\/p>\n<p><b>Proyectos <\/b><b>Pedag\u00f3gicos <\/b><\/p>\n<p><b>Proyecto valores (Inteligencia Social-Emocional)<\/b><\/p>\n<ul>\n<li>Formar seres humanos sensibles.<\/li>\n<li>Preparar individuos para la justicia y la paz, partiendo de la formaci\u00f3n en valores y prepar\u00e1ndolos para la, solidaridad, cooperaci\u00f3n y respeto por los dem\u00e1s y su entorno natural.<\/li>\n<\/ul>\n<p><b>Talleres para desarrollo del pensamiento creativo<\/b><\/p>\n<ul>\n<li>Autonom\u00eda.<\/li>\n<li>Trabajo en equipo.<\/li>\n<li>Libertad.<\/li>\n<li>Investigaci\u00f3n.<\/li>\n<li>Conocimiento.<\/li>\n<li>Portafolio de evidencias.<\/li>\n<li>Intensidad horaria seis horas semanales.<\/li>\n<\/ul>\n<p><b>Proyecto ambiental escolar PRAES<\/b><\/p>\n<ul>\n<li>Propiciar la conservaci\u00f3n del medio ambiente como responsabilidad de los seres humanos de velar por el planeta.<\/li>\n<\/ul>\n<p><b>Ingles intensivo\u00a0 <\/b><\/p>\n<ul>\n<li>El programa se ajusta a los requerimientos que el Ministerio de Educaci\u00f3n Nacional exige, esta \u00a0articulado a las otras \u00e1reas del saber, nuestro proyecto hace parte del proceso de formaci\u00f3n que eleva la competitividad de nuestros estudiantes.<\/li>\n<li>Intensidad horaria ocho horas semanales.<\/li>\n<\/ul>\n<p><b>Matem\u00e1ticas vivenciales\u00a0 <\/b><\/p>\n<ul>\n<li>Enfoque estudiante: Est\u00e1 orientado en su conceptualizaci\u00f3n y la comprensi\u00f3n de sus posibilidades, permitiendo el desarrollo de sus competencias, para que enfrente nuevos retos como la complejidad de la vida.<\/li>\n<li>Estrategias pedag\u00f3gicas: Unidades did\u00e1cticas, laboratorio de experimentaci\u00f3n, que permite la real esencia de las matem\u00e1ticas, libertad para hacer hip\u00f3tesis a trav\u00e9s de una pedagog\u00eda activa.<\/li>\n<li>Intensidad horaria ocho horas semanales.<\/li>\n<\/ul>\n<p><b>Lengua materna<\/b><\/p>\n<ul>\n<li>Proyecto Institucional: Competencias de lectura y escritura, a trav\u00e9s de la investigaci\u00f3n se \u00a0logra producir conocimiento.<\/li>\n<li>Docente: Conseguir en los estudiantes actitudes investigativas a trav\u00e9s de una propuesta contextualizada.<\/li>\n<li>Ejes: Comunicaci\u00f3n, la participaci\u00f3n, la investigaci\u00f3n, el an\u00e1lisis y la reflexi\u00f3n permanente.<\/li>\n<li>Estrategias: Planes de lectura, Ensayos, mapas conceptuales, proyectos.<\/li>\n<li>Intensidad horaria ocho horas semanales.<\/li>\n<\/ul>\n<p><b><i>\u00a0<\/i><\/b><\/p>\n<p align=\"center\"><b>\u00a0<\/b><\/p>\n","protected":false},"excerpt":{"rendered":"<p>Nuestros pilares fundamentales APRENDER APRENDER APRENDER A SER APRENDER HACER APRENDER A CONVIVIR \u00a0Ejes de nuestra\u00a0 pedagog\u00eda Excelencia acad\u00e9mica Formaci\u00f3n en valores Innovaci\u00f3n investigaci\u00f3n pedag\u00f3gica Formaci\u00f3n de docentes Formaci\u00f3n en liderazgo \u00c9nfasis en matem\u00e1ticas (matem\u00e1ticas vivenciales) Ingles intensivo Emprendimiento y empresarismo (proyectos productivos) Amplias \u00e1reas acad\u00e9micas y deportivas Talleres para el desarrollo del pensamiento creativo [&hellip;]<\/p>\n","protected":false},"author":1,"featured_media":0,"parent":0,"menu_order":0,"comment_status":"closed","ping_status":"closed","template":"page-templates\/full-width.php","meta":{"footnotes":""},"class_list":["post-21","page","type-page","status-publish","hentry"],"_links":{"self":[{"href":"https:\/\/www.jardinluna.com\/luninotas\/wp-json\/wp\/v2\/pages\/21","targetHints":{"allow":["GET"]}}],"collection":[{"href":"https:\/\/www.jardinluna.com\/luninotas\/wp-json\/wp\/v2\/pages"}],"about":[{"href":"https:\/\/www.jardinluna.com\/luninotas\/wp-json\/wp\/v2\/types\/page"}],"author":[{"embeddable":true,"href":"https:\/\/www.jardinluna.com\/luninotas\/wp-json\/wp\/v2\/users\/1"}],"replies":[{"embeddable":true,"href":"https:\/\/www.jardinluna.com\/luninotas\/wp-json\/wp\/v2\/comments?post=21"}],"version-history":[{"count":10,"href":"https:\/\/www.jardinluna.com\/luninotas\/wp-json\/wp\/v2\/pages\/21\/revisions"}],"predecessor-version":[{"id":168,"href":"https:\/\/www.jardinluna.com\/luninotas\/wp-json\/wp\/v2\/pages\/21\/revisions\/168"}],"wp:attachment":[{"href":"https:\/\/www.jardinluna.com\/luninotas\/wp-json\/wp\/v2\/media?parent=21"}],"curies":[{"name":"wp","href":"https:\/\/api.w.org\/{rel}","templated":true}]}}